410?
10
What is the greatest common factor of 7992 and 1917?
27
What is the highest common factor of 93578 and 284?
142
Calculate the highest common factor of 1715 and 139405.
245
Calculate the greatest common divisor of 530 and 7685.
265
What is the greatest common divisor of 399 and 14154?
21
What is the greatest common factor of 136608 and 1056?
96
What is the highest common factor of 20 and 10444?
4
Calculate the greatest common divisor of 1219 and 135217.
23
Calculate the highest common factor of 7 and 2284436.
7
What is the highest common divisor of 346 and 395651?
173
What is the greatest common divisor of 35266 and 297?
11
Calculate the greatest common factor of 38 and 31217.
19
What is the highest common factor of 496990 and 585?
65
What is the highest common factor of 271887 and 132?
33
What is the highest common divisor of 136745 and 595?
35
Calculate the highest common divisor of 744 and 29584.
8
Calculate the greatest common divisor of 10 and 212545.
5
What is the greatest common divisor of 37829 and 905?
181
Calculate the highest common factor of 61155 and 81.
81
What is the highest common factor of 61 and 10315100?
61
Calculate the greatest common factor of 13542 and 4.
2
Calculate the highest common factor of 7480 and 310.
10
Calculate the greatest common factor of 9996 and 3108.
84
What is the highest common factor of 332080 and 70?
70
Calculate the highest common factor of 1 and 18833.
1
What is the highest common factor of 361 and 246297?
19
Calculate the highest common divisor of 1368 and 12594.
6
What is the greatest common divisor of 5361980 and 533?
533
What is the highest common divisor of 182 and 3688867?
91
Calculate the highest common divisor of 50184 and 441.
9
Calculate the greatest common factor of 490 and 590.
10
Calculate the greatest common factor of 77580 and 630.
90
What is the highest common divisor of 314 and 211322?
314
Calculate the highest common divisor of 2478234 and 462.
66
Calculate the highest common factor of 14357 and 49.
49
What is the highest common divisor of 121365 and 60?
15
What is the highest common divisor of 1647 and 9577?
61
What is the highest common divisor of 71 and 2880754?
71
Calculate the highest common divisor of 81325 and 1175.
25
Calculate the highest common factor of 487537 and 62.
31
What is the greatest common divisor of 1764 and 140616?
252
Calculate the greatest common divisor of 1783873 and 26.
13
Calculate the greatest common factor of 6340 and 20288.
1268
What is the highest common factor of 35 and 1595615?
35
Calculate the greatest common factor of 184943 and 1173.
391
What is the highest common factor of 28 and 26764?
4
Calculate the highest common divisor of 493696 and 20938.
1102
Calculate the greatest common factor of 3910220 and 5.
5
What is the highest common factor of 3820 and 9932?
764
Calculate the highest common factor of 780970 and 261.
29
Calculate the greatest common factor of 16995 and 262135.
515
What is the highest common factor of 306 and 174318?
102
What is the highest common divisor of 8320 and 51560?
40
What is the highest common divisor of 4753 and 11?
1
Calculate the highest common factor of 661056 and 132.
132
What is the greatest common factor of 296113 and 1385?
277
Calculate the greatest common factor of 1850 and 90.
10
Calculate the greatest common factor of 9430 and 253.
23
What is the highest common divisor of 43840 and 40552?
1096
What is the greatest common factor of 561 and 102289?
187
Calculate the highest common factor of 4518 and 369.
9
Calculate the greatest common factor of 72 and 140814.
18
Calculate the highest common factor of 1110 and 5638245.
555
Calculate the highest common divisor of 618891 and 3549.
273
What is the greatest common divisor of 4 and 379?
1
Calculate the greatest common divisor of 57408 and 62652.
276
What is the greatest common divisor of 350 and 415450?
350
What is the highest common factor of 76699 and 7?
7
What is the greatest common divisor of 42579 and 459?
27
What is the greatest common divisor of 540 and 18414?
54
Calculate the highest common factor of 3304 and 155760.
472
Calculate the greatest common divisor of 57690 and 186.
6
What is the highest common divisor of 2580 and 1614435?
645
What is the highest common divisor of 606750 and 750?
750
What is the highest common divisor of 76840 and 3655?
85
Calculate the highest common factor of 254 and 618.
2
Calculate the highest common factor of 15931158 and 114.
114
What is the greatest common factor of 28569 and 24717?
321
Calculate the greatest common divisor of 42 and 201243.
21
Calculate the highest common factor of 1044 and 68846.
58
What is the greatest common divisor of 135115 and 5185?
305
Calculate the greatest common factor of 345 and 75.
15
What is the greatest common factor of 6 and 3669?
3
Calculate the highest common factor of 11232 and 7456.
32
What is the greatest common divisor of 243 and 24741?
9
Calculate the highest common divisor of 62 and 22723.
31
What is the greatest common factor of 715088 and 33?
11
Calculate the highest common factor of 5112217 and 11.
11
What is the greatest common divisor of 297840 and 51?
51
Calculate the greatest common divisor of 720 and 2664.
72
Calculate the greatest common factor of 196 and 11032.
28
What is the highest common factor of 55178 and 752?
94
Calculate the highest common factor of 184132 and 182.
26
Calculate the greatest common divisor of 1098 and 19337.
61
What is the highest common factor of 552015 and 12455?
235
What is the greatest common divisor of 18 and 140841?
9
Calculate the highest common divisor of 10 and 1693865.
5
Calculate the greatest common divisor of 632949 and 282.
141
Calculate the greatest common factor of 145795 and 65.
65
What is the highest common factor of 111529 and 1529?
11
What is the highest common divisor of 4115427 and 354?
177
Calculate the greatest common divisor of 59325 and 217.
7
Calculate the highest common divisor of 6271284 and 657.
219
What is the greatest common factor of 110 and 1197020?
110
What is the highest common divisor of 645 and 18490?
215
What is the greatest common divisor of 891584 and 144?
16
Calculate the highest common divisor of 258051 and 57.
3
What is the greatest common divisor of 3416 and 554246?
854
What is the highest common factor of 6016 and 17531?
47
What is the greatest common factor of 34320 and 5070?
390
Calculate the greatest common factor of 408 and 263160.
408
Calculate the greatest common divisor of 5400 and 2376.
216
Calculate the highest common divisor of 414 and 68954.
46
Calculate the greatest common divisor of 70 and 18360.
10
What is the highest common divisor of 2220 and 4021308?
444
Calculate the highest common factor of 7268 and 10112.
316
Calculate the highest common divisor of 2825 and 7750.
25
Calculate the greatest common divisor of 9570 and 5365.
145
Calculate the highest common divisor of 4551262 and 101.
101
Calculate the highest common divisor of 1020 and 7310.
170
What is the greatest common factor of 19434 and 18?
6
Calculate the highest common divisor of 3586 and 352.
22
Calculate the greatest common factor of 703 and 19.
19
What is the highest common factor of 25340 and 15260?
140
What is the highest common factor of 45108 and 6300?
252
What is the highest common factor of 184 and 158516?
92
Calculate the highest common divisor of 558 and 287277.
93
Calculate the highest common divisor of 99 and 166683.
33
What is the greatest common divisor of 1997226 and 2904?
726
Calculate the highest common factor of 14062 and 31061.
89
What is the greatest common divisor of 30950 and 5900?
50
What is the highest common factor of 284327 and 6437?
157
What is the highest common divisor of 402 and 9840?
6
Calculate the greatest common divisor of 336 and 6160.
112
What is the highest common factor of 333 and 2553?
111
Calculate the highest common divisor of 13290 and 120.
30
What is the highest common factor of 121060 and 320?
20
What is the highest common divisor of 1445730 and 23595?
2145
What is the highest common factor of 428 and 407884?
428
What is the greatest common factor of 52500 and 5500?
500
Calculate the highest common factor of 106 and 134.
2
Calculate the highest common divisor of 77140 and 513.
1